
17
Let y(d) = d**2 + 232*d + 13454. Determine y(-115).
-1
Let r(n) = -5*n**2 - 77*n - 159. What is r(-2)?
-25
Let y(o) = 254*o - 3481. What is y(14)?
75
Let d(l) = 34*l**2 + 8*l - 10. Give d(1).
32
Let p(q) = -404*q - 2854. Give p(-7).
-26
Let v(b) = b**2 + 45*b - 245. Calculate v(5).
5
Let m(x) = 23*x - 1432. Give m(62).
-6
Let y(u) = u**3 + 8*u**2 - 12*u + 38. Determine y(-10).
-42
Let s(n) = -3*n**3 - 99*n**2 - 100*n - 122. What is s(-32)?
6
Let k(j) = j**3 - 8*j**2 - 10*j - 4. Calculate k(9).
-13
Let u(x) = -23*x - 48. Calculate u(-1).
-25
Let w(i) = i**2 + 219*i + 1287. Give w(-6).
9
Let n(a) = -72*a - 2654. Determine n(-32).
-350
Let p(y) = y**2 + 453*y + 43109. What is p(-136)?
-3
Let l(v) = -v**2 - 274*v - 18202. Calculate l(-113).
-9
Let c(t) = 5*t**2 + 129*t + 145. Determine c(-23).
-177
Let n(z) = -890*z - 2678. Calculate n(-3).
-8
Let x(b) = b**3 - b - 61. What is x(0)?
-61
Let g(z) = 67*z - 339. Calculate g(5).
-4
Let w(v) = v**3 + 10*v**2 + 3*v - 121. What is w(-7)?
5
Let u(b) = 120*b**3 - 3*b**2 + 2. What is u(-1)?
-121
Let z(f) = f**3 + 3*f**2 - 32*f - 82. Determine z(-6).
2
Let f(p) = 3*p**2 + 30*p - 16. What is f(-10)?
-16
Let i(r) = 28*r - 280. What is i(10)?
0
Let j(z) = 32*z**2 + 404*z - 139. Determine j(-13).
17
Let b(q) = -q**3 - 6*q**2 + 50*q + 167. Determine b(-3).
-10
Let p(y) = -y**3 + 12*y**2 + 44*y - 272. Calculate p(14).
-48
Let y(v) = v**3 - 114*v**2 + 3219*v + 256. Determine y(62).
-54
Let q(g) = 15*g + 1343. Calculate q(-89).
8
Let c(t) = t**2 - 5*t + 62. Give c(0).
62
Let g(m) = 33*m - 878. Give g(29).
79
Let v(c) = 2*c**3 - 26*c**2 - 272*c + 29. Give v(-7).
-27
Let r(s) = s**2 - 43*s + 211. Give r(36).
-41
Let t(f) = -2*f**2 + 14*f - 4. Calculate t(2).
16
Let z(h) = 4*h**2 + 253*h + 550. Calculate z(-61).
1
Let k(i) = -i**3 + 154*i**2 + 153*i + 404. Give k(155).
94
Let u(k) = k**3 - 2*k**2 - 76*k - 196. Give u(-5).
9
Let n(b) = -2*b + 102. Determine n(20).
62
Let k(o) = o**3 + 73*o**2 - 145*o + 636. What is k(-75)?
261
Let l(z) = -z**3 + 19*z**2 - 15*z + 30. Calculate l(19).
-255
Let b(l) = l**2 + 48*l + 459. What is b(-32)?
-53
Let d(b) = -181*b**2 - 22*b + 31. Give d(1).
-172
Let s(h) = -50*h + 353. Calculate s(17).
-497
Let y(k) = 279*k**3 + 3*k**2 + 11*k + 9. What is y(-1)?
-278
Let c(d) = -1245*d - 22405. Determine c(-18).
5
Let o(a) = 7*a**2 + 249*a - 65. Calculate o(-35).
-205
Let b(y) = -3*y**2 + 25*y + 203. Calculate b(-5).
3
Let s(n) = -4*n**2 + 16*n + 34. Determine s(8).
-94
Let o(n) = 45*n + 267. Calculate o(-6).
-3
Let f(j) = -j**3 + 67*j**2 - 57*j - 600. Calculate f(66).
-6
Let k(i) = -2*i**3 - 73*i**2 - 36*i - 31. Determine k(-36).
-31
Let i(d) = d**3 + 5*d**2 - 53*d - 5. Calculate i(6).
73
Let c(q) = -q**3 - 126*q**2 - 3741*q + 154. Determine c(-48).
10
Let g(b) = 222*b - 223. What is g(1)?
-1
Let u(i) = -380*i + 14816. Give u(39).
-4
Let t(k) = -3*k**3 - 11*k**2 + 25*k + 151. Determine t(-5).
126
Let p(x) = 21*x**2 - 9*x + 14. Give p(2).
80
Let w(f) = 2*f**2 - 8*f - 27. Calculate w(-3).
15
Let r(o) = -2068*o + 41359. What is r(20)?
-1
Let a(v) = -7*v**2 + 56*v + 21. Calculate a(9).
-42
Let i(c) = 114*c - 20400. Determine i(179).
6
Let t(a) = -2*a**2 - 12*a - 92. Give t(-5).
-82
Let f(a) = 1877*a + 24389. Give f(-13).
-12
Let u(f) = -10*f**3 + 3*f**2 - 2*f. Calculate u(2).
-72
Let i(a) = -27*a + 41. What is i(-5)?
176
Let w(r) = 160*r**2 + 30*r - 2. Determine w(-2).
578
Let a(r) = r**3 + 11*r**2 + 67*r + 178. Give a(-5).
-7
Let t(o) = 3179*o + 34963. Determine t(-11).
-6
Let r(f) = f**3 + 2*f**2 - 2*f - 6. Determine r(-5).
-71
Let i(w) = -w**3 + 4*w**2 - 109*w + 696. Give i(6).
-30
Let d(f) = 12*f - 97. What is d(-34)?
-505
Let w(b) = b**3 - 47*b**2 - 5*b + 48. Calculate w(47).
-187
Let q(g) = -2*g**3 + 17*g**2 - 36*g + 16. Give q(5).
11
Let z(f) = -2*f**2 + 1202*f + 77889. Give z(-59).
9
Let x(b) = -b**3 + 6*b**2 - 2*b + 153. Give x(8).
9
Let i(g) = -2*g**2 - 15*g + 18. What is i(4)?
-74
Let x(h) = -54*h**2 - 271*h + 541. Calculate x(2).
-217
Let w(c) = -c**3 - c**2 - 25*c + 26. Determine w(1).
-1
Let l(b) = 176*b + 6234. What is l(-35)?
74
Let r(v) = v**2 + 207*v + 9088. What is r(-63)?
16
Let t(l) = -l**3 - 209*l**2 + 642*l - 12. What is t(3)?
6
Let t(w) = -113*w + 47. Give t(-2).
273
Let t(x) = x**3 + 5*x**2 - 3*x - 15. What is t(-5)?
0
Let a(z) = z**2 - 116*z - 1144. Calculate a(-9).
-19
Let q(a) = -18*a + 72. Determine q(0).
72
Let o(p) = -55*p - 1019. Give o(-19).
26
Let j(t) = -t**2 + 26*t - 602. Determine j(0).
-602
Let w(z) = -z**2 + 39*z - 353. What is w(9)?
-83
Let n(u) = 1434*u - 17208. Give n(12).
0
Let u(t) = t**3 - 90*t**2 - 100*t + 850. What is u(91)?
31
Let u(m) = m**3 + 49*m**2 - 99*m + 112. Give u(-51).
-41
Let g(x) = 13*x + 130. Determine g(-13).
-39
Let q(s) = s**2 - 52*s + 511. Calculate q(35).
-84
Let w(j) = -j**3 + 5*j**2 - 23*j + 77. What is w(4)?
1
Let l(z) = -4*z**3 - 8*z + 12. Give l(2).
-36
Let x(y) = 14*y - 130. Determine x(10).
10
Let z(r) = r**3 - 6*r**2 + 766*r - 3034. Determine z(4).
-2
Let r(u) = -6*u**2 - 310*u - 505. Determine r(-50).
-5
Let a(t) = 1549*t - 7725. What is a(5)?
20
Let h(j) = -3*j**2 - 39*j + 140. Give h(3).
-4
Let j(s) = 688*s + 12362. Calculate j(-18).
-22
Let u(r) = -r**2 - 2*r + 34. Give u(6).
-14
Let v(f) = -f**3 - f**2 + 6*f + 15. Calculate v(-5).
85
Let c(f) = -1106*f - 3329. Determine c(-3).
-11
Let v(m) = 60*m - 1117. Give v(17).
-97
Let k(s) = -6*s - 60. Determine k(-27).
102
Let j(y) = -y**2 + 780*y + 16815. Give j(-21).
-6
Let g(k) = -k**3 + 68*k**2 - 2*k + 126. Give g(68).
-10
Let g(r) = -3*r**3 + 70*r**2 - 545*r + 12001. Determine g(23).
-5
Let h(o) = 2*o**2 - 3*o + 9. Calculate h(3).
18
Let u(b) = b**2 + 64*b + 1030. Give u(-32).
6
Let n(b) = -1702*b - 11905. Determine n(-7).
9
Let h(n) = 73*n**3 - 587*n**2 + 25*n - 4. Give h(8).
4
Let c(p) = 152*p - 5798. What is c(37)?
-174
Let s(j) = 3*j**2 - 46*j - 139. Determine s(-3).
26
Let j(y) = 4704*y + 28222. Give j(-6).
-2
Let x(c) = -4*c**3 - 3*c**2 + 12*c - 16. What is x(2)?
-36
Let h(d) = -1083*d - 4319. What is h(-4)?
13
Let g(f) = -23*f - 105. What is g(-19)?
332
Let i(c) = -c**3 + 6*c**2 + 84*c - 2. Calculate i(13).
-93
Let l(i) = i**3 + 12*i**2 + 49*i + 597. Calculate l(-12).
9
Let d(m) = -5*m**3 + 8*m**2 - 8*m - 1. Give d(3).
-88
Let g(y) = 78*y**2 + 311*y + 3. What is g(-4)?
7
Let t(b) = 2133*b - 49053. Give t(23).
6
Let a(o) = -2*o**2 - 320*o - 4355. Give a(-15).
-5
Let f(k) = -12*k**2 + 5*k + 12. Determine f(7).
-541
Let m(h) = -40*h - 29. Give m(-3).
91
Let a(w) = -228*w + 375. Give a(3).
-309
Let d(u) = -2*u**2 - 339*u + 11514. What is d(29)?
1
Let f(l) = l**2 + 384*l - 3136. What is f(8)?
0
Let z(t) = 19*t - 327. Calculate z(10).
-137
Let i(v) = 3*v**3 - v**2 + v + 289. Calculate i(0).
289
Let p(d) = -33*d + 308. What is p(3)?
209
Let i(y) = -3*y**2 - 32*y + 89. Determine i(-16).
-167
Let m(c) = 10*c**2 - 344*c + 458. What is m(33)?
-4
Let f(r) = -162*r - 3923. What is f(-24)?
-35
Let z(b) = 4*b**2 + 25*b - 103. Calculate z(-9).
-4
Let k(o) = 2*o**3 - 81*o**2 - 132*o + 251. What is k(42)?
-1
Let v(g) = g**2 - 32*g - 191. Give v(27).
-326
Let l(w) = -4*w**2 - 26*w - 36. Give l(-1).
-14
Let c(a) = 39*a**2 + 8*a + 48. Determine c(2).
220
Let m(a) = -a**2 + 51*a - 632. Give m(31).
-12
Let k(a) = 124*a**2 + 136*a. What is k(-2)?
224
Let p(l) = 2*l**2 + 46*l - 267. What is p(5)?
13
Let h(k) = k**3 - 27*k**2 + 76*k - 53. Determine h(24).
43
Let x(i) = -2*i**2 - 21*i + 72. Determine x(-15).
-63
Let b(t) = 4*t**3 + 34*t**2 + 189*t - 9. What is b(-5)?
-604
Let m(g) = 512*g - 14329. Give m(28).
7
Let p(s) = 7*s**2 - 43*s + 76. What is p(4)?
16
Let v(s) = 19*s - 434. What is v(22)?
-16
Let h(i) = 2*i**2 - 534*i + 2634. Determine h(5).
14
Let q(m) = -m**3 + 2*m**2 - 2*m - 15. Give q(0).
-15
Let y(v) = 52*v - 27. Determine y(2).
77
Let c(d) = d**3 + 62*d**2 + 64*d + 187. Determine c(-61).
4
Let n(w) = 9*w**2 + 21*w - 21. Give n(2).
57
Let g(k) = 9*k + 136. What is g(-14)?
10
Let u(r) = 87*r**3 - 3*r**2 - 9*r + 2. What is u(2)?
668
Let h(b) = 554*b - 524. Calculate h(1).
30
Let g(o) = -o**3 + 28*o**2 + 174*o + 17. Give g(-5).
-28
Let c(o) = -37*o - 314. What is c(-8)?
-18
Let v(h) = h**3 + 8*h**2 - 7*h - 52. Give v(-8).
4
Let o(i) = 34*i**3 + 133*i**2 - 2*i. Calculate o(-4).
-